0110202120020
In base 2, what is 10111 + -110110111110000000010?
-110110111101111101011
In base 16, what is -daa508 - -5?
-daa503
In base 6, what is 35 + 1555015?
1555054
In base 6, what is -11212442245 + 1?
-11212442244
In base 10, what is 70 + 82872?
82942
In base 3, what is 112 - 11120220020121120?
-11120220020121001
In base 3, what is -1110000 - 12000?
-1122000
In base 11, what is -1124a29 + 172?
-1124867
In base 3, what is -121211111021210 + -1?
-121211111021211
In base 2, what is 1010110100 - 1101010111111?
-1100000001011
In base 7, what is 33230210 - -5?
33230215
In base 2, what is 10100111110101111010 - 10000101?
10100111110011110101
In base 14, what is 9cd02 - -28?
9cd2a
In base 11, what is -1721a + -440?
-1765a
In base 15, what is 100b + -b8a1?
-a895
In base 4, what is -212 + 331312100?
331311222
In base 8, what is 145674020 - 0?
145674020
In base 4, what is -13003202132033 + 2?
-13003202132031
In base 16, what is 8a2aa + 12?
8a2bc
In base 6, what is -5 - -140110250?
140110241
In base 13, what is 1259904 - 5?
12598cc
In base 16, what is 1 + -f0396?
-f0395
In base 2, what is -101 - -1001111000001010101001100?
1001111000001010101000111
In base 16, what is 5376c5f - 3?
5376c5c
In base 13, what is -a8 + 11096?
10cbb
In base 6, what is 1 - 22341354?
-22341353
In base 14, what is -154662a - -8?
-1546622
In base 2, what is 0 + 101100010110100111111?
101100010110100111111
In base 14, what is -c6bd354 + 4?
-c6bd350
In base 6, what is -1 + 140411200?
140411155
In base 2, what is -10011000010111011001110110100 + -101?
-10011000010111011001110111001
In base 16, what is -171f7b - -1a?
-171f61
In base 6, what is -121 - -145155101?
145154540
In base 13, what is 4109 + -126?
3cb3
In base 6, what is 105113205 + 2?
105113211
In base 12, what is -3a77 + 322?
-3755
In base 16, what is 3 - 510cc88?
-510cc85
In base 5, what is -121 - 21002002?
-21002123
In base 9, what is -32828 + 6088?
-25730
In base 11, what is 4632070 + 1a?
463208a
In base 2, what is -11010001101110 + 10001011011?
-11000000010011
In base 9, what is 1071 + -14654?
-13573
In base 9, what is 3656 + 141514?
145271
In base 5, what is 4 + 430400010132?
430400010141
In base 10, what is -28 - -3263875?
3263847
In base 10, what is 44641 + -5?
44636
In base 12, what is -3481486 + 1?
-3481485
In base 4, what is -132330131 + 110?
-132330021
In base 14, what is -ac02b - -ca?
-abd41
In base 12, what is -9505b92 + -2?
-9505b94
In base 3, what is -1111 - 21012022001?
-21012100112
In base 9, what is 18305 - -7526?
26832
In base 3, what is 1222212102022021220 + -2?
1222212102022021211
In base 5, what is -2243341313 - -243?
-2243341020
In base 7, what is -330141 - 622?
-331063
In base 13, what is 196b52 - 49?
196b06
In base 15, what is 12 + -420b2?
-420a0
In base 8, what is -65107050 + 1?
-65107047
In base 3, what is 1 + -1101010221020?
-1101010221012
In base 13, what is -94c5bbc + 3?
-94c5bb9
In base 12, what is -7134 - -2611?
-4723
In base 6, what is -3031 + 223532?
220501
In base 10, what is 9 + 9271509?
9271518
In base 9, what is -307538 + -310?
-307848
In base 15, what is 183904 - 1b?
1838d8
In base 4, what is 1021 - -112022132?
112023213
In base 2, what is 101 - 10110010111011011000100100?
-10110010111011011000011111
In base 11, what is 6 + -1471121?
-1471116
In base 6, what is 144441113 - -45?
144441202
In base 10, what is 2 - 149595834?
-149595832
In base 9, what is -34 + 484274?
484240
In base 5, what is -22413441341 + 10?
-22413441331
In base 15, what is -968 + 28374?
2790b
In base 8, what is -47 - 3373733?
-3374002
In base 3, what is -210200 - 100120012?
-101100212
In base 13, what is 633840 - 14?
633829
In base 9, what is 174276 + -181?
174085
In base 15, what is 56 - 158?
-102
In base 13, what is -1002 - -2434?
1432
In base 6, what is -4152130 + -112?
-4152242
In base 10, what is -954 + 3053?
2099
In base 9, what is -4580038 + 6?
-4580032
In base 6, what is -5532525024 + 4?
-5532525020
In base 15, what is -a5 - d330e?
-d33b4
In base 15, what is 1 - 612d0e4?
-612d0e3
In base 2, what is -11111111111 - 1101101101111000?
-1110001101110111
In base 14, what is 11b76 + 38b0?
15646
In base 2, what is 1011111110010101011001 - 11110?
1011111110010100111011
In base 2, what is -1010 - 10010000111011010101?
-10010000111011011111
In base 14, what is 17 + -da599?
-da582
In base 4, what is -1213 - 20100111?
-20101330
In base 5, what is 204230024042 + 3?
204230024100
In base 9, what is 2461404 + 24?
2461428
In base 14, what is 128088a - -1?
128088b
In base 15, what is 82d2 - -7?
82d9
In base 8, what is -3 - 724412?
-724415
In base 10, what is 167667 + 33?
167700
In base 14, what is 687b2 - 16c?
68644
In base 6, what is -515 + 2035503?
2034544
In base 13, what is 4 - c929b?
-c9297
In base 2, what is -101 - -101011001100101010011001111?
101011001100101010011001010
In base 4, what is -2112301 - -13320011?
11201110
In base 13, what is 2aaa4aab - 1?
2aaa4aaa
In base 5, what is 1 + -30440204204?
-30440204203
In base 7, what is -21605520 - 1?
-21605521
In base 15, what is -d7 - dc34?
-dd1b
In base 7, what is 3460 - -442663?
446453
In base 10, what is -213 + 1277?
1064
In base 6, what is -2103424253 - 1?
-2103424254
In base 16, what is -9d829 + -2d?
-9d856
In base 16, what is 0 + 8e13ef6?
8e13ef6
In base 8, what is -34 + -204642?
-204676
In base 11, what is 26 + -25478?
-25452
In base 12, what is 6713163 + -1?
6713162
In base 5, what is -222021 + 4432?
-212034
In base 8, what is -1111 + 30417?
27306
In base 9, what is 3851711 + -12?
3851688
In base 2, what is 10111001000110 + 11001101111100?
110000111000010
In base 15, what is -49eb85 - 125?
-49ecaa
In base 7, what is -6446514265 - 2?
-6446514300
In base 6, what is -2032252315 + -44?
-2032252403
In base 16, what is 16f9fcbe - -2?
16f9fcc0
In base 7, what is 40305663 + -4?
40305656
In base 9, what is 42023 - 1502?
40421
In base 4, what is 1012321320 + 1032?
1012323012
In base 4, what is -13000 - 200230013?
-200303013
In base 11, what is 67 - 94a78?
-94a11
In base 13, what is -5a4b37 + 29?
-5a4b0b
In base 7, what is 133203256 - 0?
133203256
In base 12, what is -579 + 1468?
aab
In base 11, what is 1483aa - -26?
148425
In base 6, what is 304203404 + 355?
304204203
In base 6, what is 114400230320 + 0?
114400230320
In base 10, what is 0 + 8095451?
8095451
In base 14, what is -428555 - 5?
-42855a
In base 2, what is -11101 + 101111101011101110001011?
101111101011101101101110
In base 9, what is 48745580 - -7?
48745587
In base 11, what is 2 - 1531838a?
-15318388
In base 7, what is -424566062 - -4?
-424566055
In base 16, what is -2dc8 - 13d?
-2f05
In base 12, what is 6 - 77631b7?
-77631b1
In base 7, what is -5225 - -54654?
46426
In base 11, what is -4 + -20577379?
-20577382
In base 11, what is 131aa95 + 8?
131aaa2
In base 16, what is 28e7e + 2a?
28ea8
In base 7, what is -222510024 - -21?
-222510003
In base 11, what is -927 - 4158?
-4a84
In base 7, what is 1 - 160643432?
-160643431
In base 3, what is 2 + -112101202220122?
-112101202220120
In base 8, what is -52051 - 372?
-52443
In base 3, what is 222120002 + -10000122?
212112110
In base 8, what is -22 + -102577005?
-102577027
In base 2, what is -1000111001001110 + -110111000010?
-1001110000010000
In base 16, what is 450 + 34b19?
34f69
In base 7, what is -1436436 + -13?
-1436452
In base 4, what is 1133120 + 211312?
2011032
In base 7, what is -2002255 + -163?
-2002451
In base 9, what is 1542464 + 18?
1542483
In base 9, what is 1012502 - 26?
1012465
In base 13, what is -4 - -672a1a8?
672a1a4
In base 7, what is 522251510 - 2?
522251505
In base 5, what is -2242 - 30232?
-33024
In base 14, what is 6b2ac - 25?
6b287
In base 3, what is 2011 - -101022021021001?
101022021100012
In base 10, what is -15167 + 1554?
-13613
In base 5, what is -2 - -110013112?
110013110
In base 12, what is 5a7 + -3a816?
-3a22b
In base 7, what is 3 + 164433536?
164433542
In base 15, what is 7b4dc81 + -1?
7b4dc80
In base 11, what is -10 - 15a94646?
-15a94656
In base 13, what is -16a - -222174?
222007
In base 11, what is -14328aa - 6?
-1432905
In base 10, what is 9 + 8585829?
8585838
In base 12, what is 75b4 + -7a70?
-478
In base 7, what is 150016 + 2524?
152543
In base 15, what is -2196d - 106?
-21a74
In base 7, what is -2535 - 6406?
-12244
In base 6, what 